{"id":702,"date":"2022-03-09T13:54:40","date_gmt":"2022-03-09T18:54:40","guid":{"rendered":"https:\/\/www.lrmm.com\/fr\/e-quipe\/avocate-tessier-helene\/"},"modified":"2022-05-24T09:56:04","modified_gmt":"2022-05-24T13:56:04","slug":"avocat-tessier-he-le-ne","status":"publish","type":"equipe","link":"https:\/\/www.lrmm.com\/fr\/e-quipe\/avocats\/avocat-tessier-he-le-ne","title":{"rendered":"Avocate Tessier H\u00e9l\u00e8ne"},"content":{"rendered":"<p style=\"text-align: left\">H\u00e9l\u00e8ne B. Tessier a joint notre cabinet \u00e0 titre d\u2019associ\u00e9e en 2006. Depuis son accession au Barreau en 1990, elle pratique dans le domaine des Litiges civil et commercial. \u00c0 ce titre, elle plaide r\u00e9guli\u00e8rement devant tous les tribunaux du Qu\u00e9bec o\u00f9 elle repr\u00e9sente ses clients dans les domaines de droit bancaire, responsabilit\u00e9 professionnelle, faillite insolvabilit\u00e9 et droit successoral. La solide exp\u00e9rience acquise au fil des ans l\u2019a naturellement men\u00e9e \u00e0 diriger l\u2019\u00e9quipe Responsabilit\u00e9 professionnelle. Elle dirige \u00e9galement le d\u00e9partement de Litiges civil et commercial depuis 2010.<\/p>\n<p><strong>Mandats repr\u00e9sentatifs<\/strong><\/p>\n<ul>\n<li>Repr\u00e9sentations de notaires dans le cadre de recours en responsabilit\u00e9 professionnelle, y incluant le volet immobilier, correction de titres, passation de titres, servitudes, droit de passage, empi\u00e8tements, hypoth\u00e8ques l\u00e9gales, copropri\u00e9t\u00e9, capacit\u00e9 portante, prescription acquisitive<\/li>\n<li>Repr\u00e9sentations d\u2019institutions financi\u00e8res dans le cadre de r\u00e9alisation de s\u00fbret\u00e9s mobili\u00e8res et immobili\u00e8res<\/li>\n<li>Repr\u00e9sentations de syndics de faillite dans des dossiers de faillite et proposition aupr\u00e8s des tribunaux<\/li>\n<li>Repr\u00e9sentations d\u2019institutions financi\u00e8res dans le cadre de vente de lots agricoles complexes avec corrections de titres<\/li>\n<li>Repr\u00e9sentations de liquidateurs dans des dossiers de litige successoral<\/li>\n<li>Repr\u00e9sentations d\u2019actionnaires dans le cadre de recours en oppression et litige entre actionnaires<\/li>\n<li>Repr\u00e9sentations d\u2019institutions financi\u00e8res et PME dans le cadre de recours extraordinaires (saisies, injonctions, ordonnances de sauvegarde)<\/li>\n<\/ul>\n","protected":false},"author":1,"featured_media":753,"menu_order":0,"template":"","meta":{"_acf_changed":false},"equipe_cat":[20],"class_list":["post-702","equipe","type-equipe","status-publish","has-post-thumbnail","hentry","equipe_cat-avocats"],"acf":[],"yoast_head":"<!-- This site is optimized with the Yoast SEO plugin v26.9 - https:\/\/yoast.com\/product\/yoast-seo-wordpress\/ -->\n<title>Avocate Tessier H\u00e9l\u00e8ne - Lapointe Rosenstein Marchand Melan\u00e7on<\/title>\n<meta name=\"robots\" content=\"index, follow, max-snippet:-1, max-image-preview:large, max-video-preview:-1\" \/>\n<link rel=\"canonical\" href=\"https:\/\/www.lrmm.com\/fr\/e-quipe\/avocats\/avocat-tessier-he-le-ne\/\" \/>\n<meta property=\"og:locale\" content=\"fr_CA\" \/>\n<meta property=\"og:type\" content=\"article\" \/>\n<meta property=\"og:title\" content=\"Avocate Tessier H\u00e9l\u00e8ne - Lapointe Rosenstein Marchand Melan\u00e7on\" \/>\n<meta property=\"og:description\" content=\"H\u00e9l\u00e8ne B. Tessier a joint notre cabinet \u00e0 titre d\u2019associ\u00e9e en 2006. Depuis son accession au Barreau en 1990, elle pratique dans le domaine des Litiges civil et commercial. \u00c0 ce titre, elle plaide r\u00e9guli\u00e8rement devant tous les tribunaux du Qu\u00e9bec o\u00f9 elle repr\u00e9sente ses clients dans les domaines de droit bancaire, responsabilit\u00e9 professionnelle, faillite [&hellip;]\" \/>\n<meta property=\"og:url\" content=\"https:\/\/www.lrmm.com\/fr\/e-quipe\/avocats\/avocat-tessier-he-le-ne\" \/>\n<meta property=\"og:site_name\" content=\"Lapointe Rosenstein Marchand Melan\u00e7on\" \/>\n<meta property=\"article:modified_time\" content=\"2022-05-24T13:56:04+00:00\" \/>\n<meta property=\"og:image\" content=\"https:\/\/www.lrmm.com\/wp-content\/uploads\/2022\/03\/imageResourcejsessionidC581BBDA372E9EFCF801B83C3A53B06CnavId178partId20livetrueculturefr-CAimageType0imageNameTessier__Helene_7021_WEB.jpg\" \/>\n\t<meta property=\"og:image:width\" content=\"157\" \/>\n\t<meta property=\"og:image:height\" content=\"157\" \/>\n\t<meta property=\"og:image:type\" content=\"image\/jpeg\" \/>\n<meta name=\"twitter:card\" content=\"summary_large_image\" \/>\n<meta name=\"twitter:label1\" content=\"Estimation du temps de lecture\" \/>\n\t<meta name=\"twitter:data1\" content=\"2 minutes\" \/>\n<script type=\"application\/ld+json\" class=\"yoast-schema-graph\">{\"@context\":\"https:\/\/schema.org\",\"@graph\":[{\"@type\":\"WebPage\",\"@id\":\"https:\/\/www.lrmm.com\/fr\/e-quipe\/avocats\/avocat-tessier-he-le-ne\",\"url\":\"https:\/\/www.lrmm.com\/fr\/e-quipe\/avocats\/avocat-tessier-he-le-ne\",\"name\":\"Avocate Tessier H\u00e9l\u00e8ne - Lapointe Rosenstein Marchand Melan\u00e7on\",\"isPartOf\":{\"@id\":\"https:\/\/www.lrmm.com\/fr\/#website\"},\"primaryImageOfPage\":{\"@id\":\"https:\/\/www.lrmm.com\/fr\/e-quipe\/avocats\/avocat-tessier-he-le-ne#primaryimage\"},\"image\":{\"@id\":\"https:\/\/www.lrmm.com\/fr\/e-quipe\/avocats\/avocat-tessier-he-le-ne#primaryimage\"},\"thumbnailUrl\":\"https:\/\/www.lrmm.com\/wp-content\/uploads\/2022\/03\/imageResourcejsessionidC581BBDA372E9EFCF801B83C3A53B06CnavId178partId20livetrueculturefr-CAimageType0imageNameTessier__Helene_7021_WEB.jpg\",\"datePublished\":\"2022-03-09T18:54:40+00:00\",\"dateModified\":\"2022-05-24T13:56:04+00:00\",\"breadcrumb\":{\"@id\":\"https:\/\/www.lrmm.com\/fr\/e-quipe\/avocats\/avocat-tessier-he-le-ne#breadcrumb\"},\"inLanguage\":\"fr-CA\",\"potentialAction\":[{\"@type\":\"ReadAction\",\"target\":[\"https:\/\/www.lrmm.com\/fr\/e-quipe\/avocats\/avocat-tessier-he-le-ne\"]}]},{\"@type\":\"ImageObject\",\"inLanguage\":\"fr-CA\",\"@id\":\"https:\/\/www.lrmm.com\/fr\/e-quipe\/avocats\/avocat-tessier-he-le-ne#primaryimage\",\"url\":\"https:\/\/www.lrmm.com\/wp-content\/uploads\/2022\/03\/imageResourcejsessionidC581BBDA372E9EFCF801B83C3A53B06CnavId178partId20livetrueculturefr-CAimageType0imageNameTessier__Helene_7021_WEB.jpg\",\"contentUrl\":\"https:\/\/www.lrmm.com\/wp-content\/uploads\/2022\/03\/imageResourcejsessionidC581BBDA372E9EFCF801B83C3A53B06CnavId178partId20livetrueculturefr-CAimageType0imageNameTessier__Helene_7021_WEB.jpg\",\"width\":157,\"height\":157},{\"@type\":\"BreadcrumbList\",\"@id\":\"https:\/\/www.lrmm.com\/fr\/e-quipe\/avocats\/avocat-tessier-he-le-ne#breadcrumb\",\"itemListElement\":[{\"@type\":\"ListItem\",\"position\":1,\"name\":\"Accueil\",\"item\":\"https:\/\/www.lrmm.com\/fr\/\"},{\"@type\":\"ListItem\",\"position\":2,\"name\":\"\u00c9quipe\",\"item\":\"https:\/\/www.lrmm.com\/fr\/e-quipe\/\"},{\"@type\":\"ListItem\",\"position\":3,\"name\":\"Avocate Tessier H\u00e9l\u00e8ne\"}]},{\"@type\":\"WebSite\",\"@id\":\"https:\/\/www.lrmm.com\/fr\/#website\",\"url\":\"https:\/\/www.lrmm.com\/fr\/\",\"name\":\"Lapointe Rosenstein Marchand Melan\u00e7on\",\"description\":\"\",\"potentialAction\":[{\"@type\":\"SearchAction\",\"target\":{\"@type\":\"EntryPoint\",\"urlTemplate\":\"https:\/\/www.lrmm.com\/fr\/?s={search_term_string}\"},\"query-input\":{\"@type\":\"PropertyValueSpecification\",\"valueRequired\":true,\"valueName\":\"search_term_string\"}}],\"inLanguage\":\"fr-CA\"}]}<\/script>\n<!-- \/ Yoast SEO plugin. -->","yoast_head_json":{"title":"Avocate Tessier H\u00e9l\u00e8ne - Lapointe Rosenstein Marchand Melan\u00e7on","robots":{"index":"index","follow":"follow","max-snippet":"max-snippet:-1","max-image-preview":"max-image-preview:large","max-video-preview":"max-video-preview:-1"},"canonical":"https:\/\/www.lrmm.com\/fr\/e-quipe\/avocats\/avocat-tessier-he-le-ne\/","og_locale":"fr_CA","og_type":"article","og_title":"Avocate Tessier H\u00e9l\u00e8ne - Lapointe Rosenstein Marchand Melan\u00e7on","og_description":"H\u00e9l\u00e8ne B. Tessier a joint notre cabinet \u00e0 titre d\u2019associ\u00e9e en 2006. Depuis son accession au Barreau en 1990, elle pratique dans le domaine des Litiges civil et commercial. \u00c0 ce titre, elle plaide r\u00e9guli\u00e8rement devant tous les tribunaux du Qu\u00e9bec o\u00f9 elle repr\u00e9sente ses clients dans les domaines de droit bancaire, responsabilit\u00e9 professionnelle, faillite [&hellip;]","og_url":"https:\/\/www.lrmm.com\/fr\/e-quipe\/avocats\/avocat-tessier-he-le-ne","og_site_name":"Lapointe Rosenstein Marchand Melan\u00e7on","article_modified_time":"2022-05-24T13:56:04+00:00","og_image":[{"width":157,"height":157,"url":"https:\/\/www.lrmm.com\/wp-content\/uploads\/2022\/03\/imageResourcejsessionidC581BBDA372E9EFCF801B83C3A53B06CnavId178partId20livetrueculturefr-CAimageType0imageNameTessier__Helene_7021_WEB.jpg","type":"image\/jpeg"}],"twitter_card":"summary_large_image","twitter_misc":{"Estimation du temps de lecture":"2 minutes"},"schema":{"@context":"https:\/\/schema.org","@graph":[{"@type":"WebPage","@id":"https:\/\/www.lrmm.com\/fr\/e-quipe\/avocats\/avocat-tessier-he-le-ne","url":"https:\/\/www.lrmm.com\/fr\/e-quipe\/avocats\/avocat-tessier-he-le-ne","name":"Avocate Tessier H\u00e9l\u00e8ne - Lapointe Rosenstein Marchand Melan\u00e7on","isPartOf":{"@id":"https:\/\/www.lrmm.com\/fr\/#website"},"primaryImageOfPage":{"@id":"https:\/\/www.lrmm.com\/fr\/e-quipe\/avocats\/avocat-tessier-he-le-ne#primaryimage"},"image":{"@id":"https:\/\/www.lrmm.com\/fr\/e-quipe\/avocats\/avocat-tessier-he-le-ne#primaryimage"},"thumbnailUrl":"https:\/\/www.lrmm.com\/wp-content\/uploads\/2022\/03\/imageResourcejsessionidC581BBDA372E9EFCF801B83C3A53B06CnavId178partId20livetrueculturefr-CAimageType0imageNameTessier__Helene_7021_WEB.jpg","datePublished":"2022-03-09T18:54:40+00:00","dateModified":"2022-05-24T13:56:04+00:00","breadcrumb":{"@id":"https:\/\/www.lrmm.com\/fr\/e-quipe\/avocats\/avocat-tessier-he-le-ne#breadcrumb"},"inLanguage":"fr-CA","potentialAction":[{"@type":"ReadAction","target":["https:\/\/www.lrmm.com\/fr\/e-quipe\/avocats\/avocat-tessier-he-le-ne"]}]},{"@type":"ImageObject","inLanguage":"fr-CA","@id":"https:\/\/www.lrmm.com\/fr\/e-quipe\/avocats\/avocat-tessier-he-le-ne#primaryimage","url":"https:\/\/www.lrmm.com\/wp-content\/uploads\/2022\/03\/imageResourcejsessionidC581BBDA372E9EFCF801B83C3A53B06CnavId178partId20livetrueculturefr-CAimageType0imageNameTessier__Helene_7021_WEB.jpg","contentUrl":"https:\/\/www.lrmm.com\/wp-content\/uploads\/2022\/03\/imageResourcejsessionidC581BBDA372E9EFCF801B83C3A53B06CnavId178partId20livetrueculturefr-CAimageType0imageNameTessier__Helene_7021_WEB.jpg","width":157,"height":157},{"@type":"BreadcrumbList","@id":"https:\/\/www.lrmm.com\/fr\/e-quipe\/avocats\/avocat-tessier-he-le-ne#breadcrumb","itemListElement":[{"@type":"ListItem","position":1,"name":"Accueil","item":"https:\/\/www.lrmm.com\/fr\/"},{"@type":"ListItem","position":2,"name":"\u00c9quipe","item":"https:\/\/www.lrmm.com\/fr\/e-quipe\/"},{"@type":"ListItem","position":3,"name":"Avocate Tessier H\u00e9l\u00e8ne"}]},{"@type":"WebSite","@id":"https:\/\/www.lrmm.com\/fr\/#website","url":"https:\/\/www.lrmm.com\/fr\/","name":"Lapointe Rosenstein Marchand Melan\u00e7on","description":"","potentialAction":[{"@type":"SearchAction","target":{"@type":"EntryPoint","urlTemplate":"https:\/\/www.lrmm.com\/fr\/?s={search_term_string}"},"query-input":{"@type":"PropertyValueSpecification","valueRequired":true,"valueName":"search_term_string"}}],"inLanguage":"fr-CA"}]}},"_links":{"self":[{"href":"https:\/\/www.lrmm.com\/fr\/wp-json\/wp\/v2\/equipe\/702","targetHints":{"allow":["GET"]}}],"collection":[{"href":"https:\/\/www.lrmm.com\/fr\/wp-json\/wp\/v2\/equipe"}],"about":[{"href":"https:\/\/www.lrmm.com\/fr\/wp-json\/wp\/v2\/types\/equipe"}],"author":[{"embeddable":true,"href":"https:\/\/www.lrmm.com\/fr\/wp-json\/wp\/v2\/users\/1"}],"wp:featuredmedia":[{"embeddable":true,"href":"https:\/\/www.lrmm.com\/fr\/wp-json\/wp\/v2\/media\/753"}],"wp:attachment":[{"href":"https:\/\/www.lrmm.com\/fr\/wp-json\/wp\/v2\/media?parent=702"}],"wp:term":[{"taxonomy":"equipe_cat","embeddable":true,"href":"https:\/\/www.lrmm.com\/fr\/wp-json\/wp\/v2\/equipe_cat?post=702"}],"curies":[{"name":"wp","href":"https:\/\/api.w.org\/{rel}","templated":true}]}}

Avocate Tessier Hélène

<p style="text-align: left">Hélène B. Tessier a joint notre cabinet à titre d’associée en 2006. Depuis son accession au Barreau en 1990, elle pratique dans le domaine des Litiges civil et commercial. À ce titre, elle plaide régulièrement devant tous les tribunaux du Québec où elle représente ses clients dans les domaines de droit bancaire, responsabilité professionnelle, faillite insolvabilité et droit successoral. La solide expérience acquise au fil des ans l’a naturellement menée à diriger l’équipe Responsabilité professionnelle. Elle dirige également le département de Litiges civil et commercial depuis 2010.</p>
<p><strong>Mandats représentatifs</strong></p>
<ul>
<li>Représentations de notaires dans le cadre de recours en responsabilité professionnelle, y incluant le volet immobilier, correction de titres, passation de titres, servitudes, droit de passage, empiètements, hypothèques légales, copropriété, capacité portante, prescription acquisitive</li>
<li>Représentations d’institutions financières dans le cadre de réalisation de sûretés mobilières et immobilières</li>
<li>Représentations de syndics de faillite dans des dossiers de faillite et proposition auprès des tribunaux</li>
<li>Représentations d’institutions financières dans le cadre de vente de lots agricoles complexes avec corrections de titres</li>
<li>Représentations de liquidateurs dans des dossiers de litige successoral</li>
<li>Représentations d’actionnaires dans le cadre de recours en oppression et litige entre actionnaires</li>
<li>Représentations d’institutions financières et PME dans le cadre de recours extraordinaires (saisies, injonctions, ordonnances de sauvegarde)</li>
</ul>

<!-- This site is optimized with the Yoast SEO plugin v26.9 - https://yoast.com/product/yoast-seo-wordpress/ -->
<title>Avocate Tessier Hélène - Lapointe Rosenstein Marchand Melançon</title>
<meta name="robots" content="index, follow, max-snippet:-1, max-image-preview:large, max-video-preview:-1" />
<link rel="canonical" href="https://www.lrmm.com/fr/e-quipe/avocats/avocat-tessier-he-le-ne/" />
<meta property="og:locale" content="fr_CA" />
<meta property="og:type" content="article" />
<meta property="og:title" content="Avocate Tessier Hélène - Lapointe Rosenstein Marchand Melançon" />
<meta property="og:description" content="Hélène B. Tessier a joint notre cabinet à titre d’associée en 2006. Depuis son accession au Barreau en 1990, elle pratique dans le domaine des Litiges civil et commercial. À ce titre, elle plaide régulièrement devant tous les tribunaux du Québec où elle représente ses clients dans les domaines de droit bancaire, responsabilité professionnelle, faillite [&hellip;]" />
<meta property="og:url" content="https://www.lrmm.com/fr/e-quipe/avocats/avocat-tessier-he-le-ne" />
<meta property="og:site_name" content="Lapointe Rosenstein Marchand Melançon" />
<meta property="article:modified_time" content="2022-05-24T13:56:04+00:00" />
<meta property="og:image" content="https://www.lrmm.com/wp-content/uploads/2022/03/imageResourcejsessionidC581BBDA372E9EFCF801B83C3A53B06CnavId178partId20livetrueculturefr-CAimageType0imageNameTessier__Helene_7021_WEB.jpg" />
	<meta property="og:image:width" content="157" />
	<meta property="og:image:height" content="157" />
	<meta property="og:image:type" content="image/jpeg" />
<meta name="twitter:card" content="summary_large_image" />
<meta name="twitter:label1" content="Estimation du temps de lecture" />
	<meta name="twitter:data1" content="2 minutes" />
<script type="application/ld+json" class="yoast-schema-graph">{"@context":"https://schema.org","@graph":[{"@type":"WebPage","@id":"https://www.lrmm.com/fr/e-quipe/avocats/avocat-tessier-he-le-ne","url":"https://www.lrmm.com/fr/e-quipe/avocats/avocat-tessier-he-le-ne","name":"Avocate Tessier Hélène - Lapointe Rosenstein Marchand Melançon","isPartOf":{"@id":"https://www.lrmm.com/fr/#website"},"primaryImageOfPage":{"@id":"https://www.lrmm.com/fr/e-quipe/avocats/avocat-tessier-he-le-ne#primaryimage"},"image":{"@id":"https://www.lrmm.com/fr/e-quipe/avocats/avocat-tessier-he-le-ne#primaryimage"},"thumbnailUrl":"https://www.lrmm.com/wp-content/uploads/2022/03/imageResourcejsessionidC581BBDA372E9EFCF801B83C3A53B06CnavId178partId20livetrueculturefr-CAimageType0imageNameTessier__Helene_7021_WEB.jpg","datePublished":"2022-03-09T18:54:40+00:00","dateModified":"2022-05-24T13:56:04+00:00","breadcrumb":{"@id":"https://www.lrmm.com/fr/e-quipe/avocats/avocat-tessier-he-le-ne#breadcrumb"},"inLanguage":"fr-CA","potentialAction":[{"@type":"ReadAction","target":["https://www.lrmm.com/fr/e-quipe/avocats/avocat-tessier-he-le-ne"]}]},{"@type":"ImageObject","inLanguage":"fr-CA","@id":"https://www.lrmm.com/fr/e-quipe/avocats/avocat-tessier-he-le-ne#primaryimage","url":"https://www.lrmm.com/wp-content/uploads/2022/03/imageResourcejsessionidC581BBDA372E9EFCF801B83C3A53B06CnavId178partId20livetrueculturefr-CAimageType0imageNameTessier__Helene_7021_WEB.jpg","contentUrl":"https://www.lrmm.com/wp-content/uploads/2022/03/imageResourcejsessionidC581BBDA372E9EFCF801B83C3A53B06CnavId178partId20livetrueculturefr-CAimageType0imageNameTessier__Helene_7021_WEB.jpg","width":157,"height":157},{"@type":"BreadcrumbList","@id":"https://www.lrmm.com/fr/e-quipe/avocats/avocat-tessier-he-le-ne#breadcrumb","itemListElement":[{"@type":"ListItem","position":1,"name":"Accueil","item":"https://www.lrmm.com/fr/"},{"@type":"ListItem","position":2,"name":"Équipe","item":"https://www.lrmm.com/fr/e-quipe/"},{"@type":"ListItem","position":3,"name":"Avocate Tessier Hélène"}]},{"@type":"WebSite","@id":"https://www.lrmm.com/fr/#website","url":"https://www.lrmm.com/fr/","name":"Lapointe Rosenstein Marchand Melançon","description":"","potentialAction":[{"@type":"SearchAction","target":{"@type":"EntryPoint","urlTemplate":"https://www.lrmm.com/fr/?s={search_term_string}"},"query-input":{"@type":"PropertyValueSpecification","valueRequired":true,"valueName":"search_term_string"}}],"inLanguage":"fr-CA"}]}</script>
<!-- / Yoast SEO plugin. -->

Avocate Tessier Hélène - Lapointe Rosenstein Marchand Melançon

Hélène B. Tessier a joint notre cabinet à titre d’associée en 2006. Depuis son accession au Barreau en 1990, elle pratique dans le domaine des Litiges civil et commercial. À ce titre, elle plaide régulièrement devant tous les tribunaux du Québec où elle représente ses clients dans les domaines de droit bancaire, responsabilité professionnelle, faillite [&hellip;]

Lapointe Rosenstein Marchand Melançon

Équipe
