{"id":659,"date":"2022-03-09T13:54:38","date_gmt":"2022-03-09T18:54:38","guid":{"rendered":"https:\/\/www.lrmm.com\/fr\/e-quipe\/avocat-deehy-christopher\/"},"modified":"2025-09-04T11:33:54","modified_gmt":"2025-09-04T15:33:54","slug":"avocat-deehy-christopher","status":"publish","type":"equipe","link":"https:\/\/www.lrmm.com\/fr\/e-quipe\/avocats\/avocat-deehy-christopher","title":{"rendered":"Avocat Deehy Christopher"},"content":{"rendered":"<p style=\"text-align: left;\">Christopher Deehy, chef du groupe Droit du travail et de l&#8217;emploi, pratique au sein du cabinet depuis 1995.<\/p>\n<p style=\"text-align: left;\">Il repr\u00e9sente la client\u00e8le corporative du cabinet devant toutes les instances du travail, tant administratives que de droit commun. Il conseille judicieusement les entreprises sur toutes les questions relatives aux relations avec leurs employ\u00e9s, syndiqu\u00e9s ou non syndiqu\u00e9s, \u00e0 la sant\u00e9 et s\u00e9curit\u00e9 au travail, aux relations de travail, aux plaintes pour harc\u00e8lement sexuel ou psychologique, pour discrimination, etc.<\/p>\n<p style=\"text-align: left;\">Plus pr\u00e9cis\u00e9ment, Christopher a une exp\u00e9rience substantielle dans la n\u00e9gociation collective, le litige, la sant\u00e9 s\u00e9curit\u00e9 au travail et les questions se rapportant \u00e0 l\u2019obligation d\u2019accommodement ainsi que les restructurations et les licenciements collectifs.<\/p>\n<p style=\"text-align: left;\">Christopher est titulaire d&rsquo;une ma\u00eetrise en relations industrielles et est membre de l&rsquo;Ordre des conseillers en ressources humaines et relations industrielles. Il est \u00e9galement m\u00e9diateur accr\u00e9dit\u00e9. Christopher intervient directement lors de transactions commerciales afin de conseiller les avocats du cabinet \u00e0 l\u2019\u00e9gard de questions se rapportant au droit du travail.<\/p>\n<p>\u00a0<\/p>\n\n\n<figure class=\"wp-block-image size-large is-resized\"><img fetchpriority=\"high\" decoding=\"async\" width=\"1024\" height=\"310\" src=\"https:\/\/www.lrmm.com\/wp-content\/uploads\/2022\/03\/Christopher_Deehy-1024x310.png\" alt=\"\" class=\"wp-image-6309\" style=\"width:237px;height:auto\" srcset=\"https:\/\/www.lrmm.com\/wp-content\/uploads\/2022\/03\/Christopher_Deehy-1024x310.png 1024w, https:\/\/www.lrmm.com\/wp-content\/uploads\/2022\/03\/Christopher_Deehy-300x91.png 300w, https:\/\/www.lrmm.com\/wp-content\/uploads\/2022\/03\/Christopher_Deehy-768x232.png 768w, https:\/\/www.lrmm.com\/wp-content\/uploads\/2022\/03\/Christopher_Deehy-1536x465.png 1536w, https:\/\/www.lrmm.com\/wp-content\/uploads\/2022\/03\/Christopher_Deehy-2048x620.png 2048w\" sizes=\"(max-width: 1024px) 100vw, 1024px\" \/><\/figure>\n\n\n\n<p><\/p>\n","protected":false},"author":1,"featured_media":794,"menu_order":0,"template":"","meta":{"_acf_changed":true},"equipe_cat":[20],"class_list":["post-659","equipe","type-equipe","status-publish","has-post-thumbnail","hentry","equipe_cat-avocats"],"acf":[],"yoast_head":"<!-- This site is optimized with the Yoast SEO plugin v26.9 - https:\/\/yoast.com\/product\/yoast-seo-wordpress\/ -->\n<title>Avocat Deehy Christopher - Lapointe Rosenstein Marchand Melan\u00e7on<\/title>\n<meta name=\"robots\" content=\"index, follow, max-snippet:-1, max-image-preview:large, max-video-preview:-1\" \/>\n<link rel=\"canonical\" href=\"https:\/\/www.lrmm.com\/fr\/e-quipe\/avocats\/avocat-deehy-christopher\/\" \/>\n<meta property=\"og:locale\" content=\"fr_CA\" \/>\n<meta property=\"og:type\" content=\"article\" \/>\n<meta property=\"og:title\" content=\"Avocat Deehy Christopher - Lapointe Rosenstein Marchand Melan\u00e7on\" \/>\n<meta property=\"og:description\" content=\"Christopher Deehy, chef du groupe Droit du travail et de l&#8217;emploi, pratique au sein du cabinet depuis 1995. Il repr\u00e9sente la client\u00e8le corporative du cabinet devant toutes les instances du travail, tant administratives que de droit commun. Il conseille judicieusement les entreprises sur toutes les questions relatives aux relations avec leurs employ\u00e9s, syndiqu\u00e9s ou non [&hellip;]\" \/>\n<meta property=\"og:url\" content=\"https:\/\/www.lrmm.com\/fr\/e-quipe\/avocats\/avocat-deehy-christopher\" \/>\n<meta property=\"og:site_name\" content=\"Lapointe Rosenstein Marchand Melan\u00e7on\" \/>\n<meta property=\"article:modified_time\" content=\"2025-09-04T15:33:54+00:00\" \/>\n<meta property=\"og:image\" content=\"https:\/\/www.lrmm.com\/wp-content\/uploads\/2022\/03\/imageResourcejsessionidD75F50F3529CC673A24DB8329566FBCEnavId117partId20livetrueculturefr-CAimageType0imageNameDeehy__Christopher_0736r2_Web.jpg\" \/>\n\t<meta property=\"og:image:width\" content=\"157\" \/>\n\t<meta property=\"og:image:height\" content=\"157\" \/>\n\t<meta property=\"og:image:type\" content=\"image\/jpeg\" \/>\n<meta name=\"twitter:card\" content=\"summary_large_image\" \/>\n<meta name=\"twitter:label1\" content=\"Estimation du temps de lecture\" \/>\n\t<meta name=\"twitter:data1\" content=\"2 minutes\" \/>\n<script type=\"application\/ld+json\" class=\"yoast-schema-graph\">{\"@context\":\"https:\/\/schema.org\",\"@graph\":[{\"@type\":\"WebPage\",\"@id\":\"https:\/\/www.lrmm.com\/fr\/e-quipe\/avocats\/avocat-deehy-christopher\",\"url\":\"https:\/\/www.lrmm.com\/fr\/e-quipe\/avocats\/avocat-deehy-christopher\",\"name\":\"Avocat Deehy Christopher - Lapointe Rosenstein Marchand Melan\u00e7on\",\"isPartOf\":{\"@id\":\"https:\/\/www.lrmm.com\/fr\/#website\"},\"primaryImageOfPage\":{\"@id\":\"https:\/\/www.lrmm.com\/fr\/e-quipe\/avocats\/avocat-deehy-christopher#primaryimage\"},\"image\":{\"@id\":\"https:\/\/www.lrmm.com\/fr\/e-quipe\/avocats\/avocat-deehy-christopher#primaryimage\"},\"thumbnailUrl\":\"https:\/\/www.lrmm.com\/wp-content\/uploads\/2022\/03\/imageResourcejsessionidD75F50F3529CC673A24DB8329566FBCEnavId117partId20livetrueculturefr-CAimageType0imageNameDeehy__Christopher_0736r2_Web.jpg\",\"datePublished\":\"2022-03-09T18:54:38+00:00\",\"dateModified\":\"2025-09-04T15:33:54+00:00\",\"breadcrumb\":{\"@id\":\"https:\/\/www.lrmm.com\/fr\/e-quipe\/avocats\/avocat-deehy-christopher#breadcrumb\"},\"inLanguage\":\"fr-CA\",\"potentialAction\":[{\"@type\":\"ReadAction\",\"target\":[\"https:\/\/www.lrmm.com\/fr\/e-quipe\/avocats\/avocat-deehy-christopher\"]}]},{\"@type\":\"ImageObject\",\"inLanguage\":\"fr-CA\",\"@id\":\"https:\/\/www.lrmm.com\/fr\/e-quipe\/avocats\/avocat-deehy-christopher#primaryimage\",\"url\":\"https:\/\/www.lrmm.com\/wp-content\/uploads\/2022\/03\/imageResourcejsessionidD75F50F3529CC673A24DB8329566FBCEnavId117partId20livetrueculturefr-CAimageType0imageNameDeehy__Christopher_0736r2_Web.jpg\",\"contentUrl\":\"https:\/\/www.lrmm.com\/wp-content\/uploads\/2022\/03\/imageResourcejsessionidD75F50F3529CC673A24DB8329566FBCEnavId117partId20livetrueculturefr-CAimageType0imageNameDeehy__Christopher_0736r2_Web.jpg\",\"width\":157,\"height\":157},{\"@type\":\"BreadcrumbList\",\"@id\":\"https:\/\/www.lrmm.com\/fr\/e-quipe\/avocats\/avocat-deehy-christopher#breadcrumb\",\"itemListElement\":[{\"@type\":\"ListItem\",\"position\":1,\"name\":\"Accueil\",\"item\":\"https:\/\/www.lrmm.com\/fr\/\"},{\"@type\":\"ListItem\",\"position\":2,\"name\":\"\u00c9quipe\",\"item\":\"https:\/\/www.lrmm.com\/fr\/e-quipe\/\"},{\"@type\":\"ListItem\",\"position\":3,\"name\":\"Avocat Deehy Christopher\"}]},{\"@type\":\"WebSite\",\"@id\":\"https:\/\/www.lrmm.com\/fr\/#website\",\"url\":\"https:\/\/www.lrmm.com\/fr\/\",\"name\":\"Lapointe Rosenstein Marchand Melan\u00e7on\",\"description\":\"\",\"potentialAction\":[{\"@type\":\"SearchAction\",\"target\":{\"@type\":\"EntryPoint\",\"urlTemplate\":\"https:\/\/www.lrmm.com\/fr\/?s={search_term_string}\"},\"query-input\":{\"@type\":\"PropertyValueSpecification\",\"valueRequired\":true,\"valueName\":\"search_term_string\"}}],\"inLanguage\":\"fr-CA\"}]}<\/script>\n<!-- \/ Yoast SEO plugin. -->","yoast_head_json":{"title":"Avocat Deehy Christopher - Lapointe Rosenstein Marchand Melan\u00e7on","robots":{"index":"index","follow":"follow","max-snippet":"max-snippet:-1","max-image-preview":"max-image-preview:large","max-video-preview":"max-video-preview:-1"},"canonical":"https:\/\/www.lrmm.com\/fr\/e-quipe\/avocats\/avocat-deehy-christopher\/","og_locale":"fr_CA","og_type":"article","og_title":"Avocat Deehy Christopher - Lapointe Rosenstein Marchand Melan\u00e7on","og_description":"Christopher Deehy, chef du groupe Droit du travail et de l&#8217;emploi, pratique au sein du cabinet depuis 1995. Il repr\u00e9sente la client\u00e8le corporative du cabinet devant toutes les instances du travail, tant administratives que de droit commun. Il conseille judicieusement les entreprises sur toutes les questions relatives aux relations avec leurs employ\u00e9s, syndiqu\u00e9s ou non [&hellip;]","og_url":"https:\/\/www.lrmm.com\/fr\/e-quipe\/avocats\/avocat-deehy-christopher","og_site_name":"Lapointe Rosenstein Marchand Melan\u00e7on","article_modified_time":"2025-09-04T15:33:54+00:00","og_image":[{"width":157,"height":157,"url":"https:\/\/www.lrmm.com\/wp-content\/uploads\/2022\/03\/imageResourcejsessionidD75F50F3529CC673A24DB8329566FBCEnavId117partId20livetrueculturefr-CAimageType0imageNameDeehy__Christopher_0736r2_Web.jpg","type":"image\/jpeg"}],"twitter_card":"summary_large_image","twitter_misc":{"Estimation du temps de lecture":"2 minutes"},"schema":{"@context":"https:\/\/schema.org","@graph":[{"@type":"WebPage","@id":"https:\/\/www.lrmm.com\/fr\/e-quipe\/avocats\/avocat-deehy-christopher","url":"https:\/\/www.lrmm.com\/fr\/e-quipe\/avocats\/avocat-deehy-christopher","name":"Avocat Deehy Christopher - Lapointe Rosenstein Marchand Melan\u00e7on","isPartOf":{"@id":"https:\/\/www.lrmm.com\/fr\/#website"},"primaryImageOfPage":{"@id":"https:\/\/www.lrmm.com\/fr\/e-quipe\/avocats\/avocat-deehy-christopher#primaryimage"},"image":{"@id":"https:\/\/www.lrmm.com\/fr\/e-quipe\/avocats\/avocat-deehy-christopher#primaryimage"},"thumbnailUrl":"https:\/\/www.lrmm.com\/wp-content\/uploads\/2022\/03\/imageResourcejsessionidD75F50F3529CC673A24DB8329566FBCEnavId117partId20livetrueculturefr-CAimageType0imageNameDeehy__Christopher_0736r2_Web.jpg","datePublished":"2022-03-09T18:54:38+00:00","dateModified":"2025-09-04T15:33:54+00:00","breadcrumb":{"@id":"https:\/\/www.lrmm.com\/fr\/e-quipe\/avocats\/avocat-deehy-christopher#breadcrumb"},"inLanguage":"fr-CA","potentialAction":[{"@type":"ReadAction","target":["https:\/\/www.lrmm.com\/fr\/e-quipe\/avocats\/avocat-deehy-christopher"]}]},{"@type":"ImageObject","inLanguage":"fr-CA","@id":"https:\/\/www.lrmm.com\/fr\/e-quipe\/avocats\/avocat-deehy-christopher#primaryimage","url":"https:\/\/www.lrmm.com\/wp-content\/uploads\/2022\/03\/imageResourcejsessionidD75F50F3529CC673A24DB8329566FBCEnavId117partId20livetrueculturefr-CAimageType0imageNameDeehy__Christopher_0736r2_Web.jpg","contentUrl":"https:\/\/www.lrmm.com\/wp-content\/uploads\/2022\/03\/imageResourcejsessionidD75F50F3529CC673A24DB8329566FBCEnavId117partId20livetrueculturefr-CAimageType0imageNameDeehy__Christopher_0736r2_Web.jpg","width":157,"height":157},{"@type":"BreadcrumbList","@id":"https:\/\/www.lrmm.com\/fr\/e-quipe\/avocats\/avocat-deehy-christopher#breadcrumb","itemListElement":[{"@type":"ListItem","position":1,"name":"Accueil","item":"https:\/\/www.lrmm.com\/fr\/"},{"@type":"ListItem","position":2,"name":"\u00c9quipe","item":"https:\/\/www.lrmm.com\/fr\/e-quipe\/"},{"@type":"ListItem","position":3,"name":"Avocat Deehy Christopher"}]},{"@type":"WebSite","@id":"https:\/\/www.lrmm.com\/fr\/#website","url":"https:\/\/www.lrmm.com\/fr\/","name":"Lapointe Rosenstein Marchand Melan\u00e7on","description":"","potentialAction":[{"@type":"SearchAction","target":{"@type":"EntryPoint","urlTemplate":"https:\/\/www.lrmm.com\/fr\/?s={search_term_string}"},"query-input":{"@type":"PropertyValueSpecification","valueRequired":true,"valueName":"search_term_string"}}],"inLanguage":"fr-CA"}]}},"_links":{"self":[{"href":"https:\/\/www.lrmm.com\/fr\/wp-json\/wp\/v2\/equipe\/659","targetHints":{"allow":["GET"]}}],"collection":[{"href":"https:\/\/www.lrmm.com\/fr\/wp-json\/wp\/v2\/equipe"}],"about":[{"href":"https:\/\/www.lrmm.com\/fr\/wp-json\/wp\/v2\/types\/equipe"}],"author":[{"embeddable":true,"href":"https:\/\/www.lrmm.com\/fr\/wp-json\/wp\/v2\/users\/1"}],"wp:featuredmedia":[{"embeddable":true,"href":"https:\/\/www.lrmm.com\/fr\/wp-json\/wp\/v2\/media\/794"}],"wp:attachment":[{"href":"https:\/\/www.lrmm.com\/fr\/wp-json\/wp\/v2\/media?parent=659"}],"wp:term":[{"taxonomy":"equipe_cat","embeddable":true,"href":"https:\/\/www.lrmm.com\/fr\/wp-json\/wp\/v2\/equipe_cat?post=659"}],"curies":[{"name":"wp","href":"https:\/\/api.w.org\/{rel}","templated":true}]}}

<p style="text-align: left;">Christopher Deehy, chef du groupe Droit du travail et de l&#8217;emploi, pratique au sein du cabinet depuis 1995.</p>
<p style="text-align: left;">Il représente la clientèle corporative du cabinet devant toutes les instances du travail, tant administratives que de droit commun. Il conseille judicieusement les entreprises sur toutes les questions relatives aux relations avec leurs employés, syndiqués ou non syndiqués, à la santé et sécurité au travail, aux relations de travail, aux plaintes pour harcèlement sexuel ou psychologique, pour discrimination, etc.</p>
<p style="text-align: left;">Plus précisément, Christopher a une expérience substantielle dans la négociation collective, le litige, la santé sécurité au travail et les questions se rapportant à l’obligation d’accommodement ainsi que les restructurations et les licenciements collectifs.</p>
<p style="text-align: left;">Christopher est titulaire d&rsquo;une maîtrise en relations industrielles et est membre de l&rsquo;Ordre des conseillers en ressources humaines et relations industrielles. Il est également médiateur accrédité. Christopher intervient directement lors de transactions commerciales afin de conseiller les avocats du cabinet à l’égard de questions se rapportant au droit du travail.</p>
<p> </p>


<figure class="wp-block-image size-large is-resized"><img fetchpriority="high" decoding="async" width="1024" height="310" src="https://www.lrmm.com/wp-content/uploads/2022/03/Christopher_Deehy-1024x310.png" alt="" class="wp-image-6309" style="width:237px;height:auto" srcset="https://www.lrmm.com/wp-content/uploads/2022/03/Christopher_Deehy-1024x310.png 1024w, https://www.lrmm.com/wp-content/uploads/2022/03/Christopher_Deehy-300x91.png 300w, https://www.lrmm.com/wp-content/uploads/2022/03/Christopher_Deehy-768x232.png 768w, https://www.lrmm.com/wp-content/uploads/2022/03/Christopher_Deehy-1536x465.png 1536w, https://www.lrmm.com/wp-content/uploads/2022/03/Christopher_Deehy-2048x620.png 2048w" sizes="(max-width: 1024px) 100vw, 1024px" /></figure>



<p></p>

<!-- This site is optimized with the Yoast SEO plugin v26.9 - https://yoast.com/product/yoast-seo-wordpress/ -->
<title>Avocat Deehy Christopher - Lapointe Rosenstein Marchand Melançon</title>
<meta name="robots" content="index, follow, max-snippet:-1, max-image-preview:large, max-video-preview:-1" />
<link rel="canonical" href="https://www.lrmm.com/fr/e-quipe/avocats/avocat-deehy-christopher/" />
<meta property="og:locale" content="fr_CA" />
<meta property="og:type" content="article" />
<meta property="og:title" content="Avocat Deehy Christopher - Lapointe Rosenstein Marchand Melançon" />
<meta property="og:description" content="Christopher Deehy, chef du groupe Droit du travail et de l&#8217;emploi, pratique au sein du cabinet depuis 1995. Il représente la clientèle corporative du cabinet devant toutes les instances du travail, tant administratives que de droit commun. Il conseille judicieusement les entreprises sur toutes les questions relatives aux relations avec leurs employés, syndiqués ou non [&hellip;]" />
<meta property="og:url" content="https://www.lrmm.com/fr/e-quipe/avocats/avocat-deehy-christopher" />
<meta property="og:site_name" content="Lapointe Rosenstein Marchand Melançon" />
<meta property="article:modified_time" content="2025-09-04T15:33:54+00:00" />
<meta property="og:image" content="https://www.lrmm.com/wp-content/uploads/2022/03/imageResourcejsessionidD75F50F3529CC673A24DB8329566FBCEnavId117partId20livetrueculturefr-CAimageType0imageNameDeehy__Christopher_0736r2_Web.jpg" />
	<meta property="og:image:width" content="157" />
	<meta property="og:image:height" content="157" />
	<meta property="og:image:type" content="image/jpeg" />
<meta name="twitter:card" content="summary_large_image" />
<meta name="twitter:label1" content="Estimation du temps de lecture" />
	<meta name="twitter:data1" content="2 minutes" />
<script type="application/ld+json" class="yoast-schema-graph">{"@context":"https://schema.org","@graph":[{"@type":"WebPage","@id":"https://www.lrmm.com/fr/e-quipe/avocats/avocat-deehy-christopher","url":"https://www.lrmm.com/fr/e-quipe/avocats/avocat-deehy-christopher","name":"Avocat Deehy Christopher - Lapointe Rosenstein Marchand Melançon","isPartOf":{"@id":"https://www.lrmm.com/fr/#website"},"primaryImageOfPage":{"@id":"https://www.lrmm.com/fr/e-quipe/avocats/avocat-deehy-christopher#primaryimage"},"image":{"@id":"https://www.lrmm.com/fr/e-quipe/avocats/avocat-deehy-christopher#primaryimage"},"thumbnailUrl":"https://www.lrmm.com/wp-content/uploads/2022/03/imageResourcejsessionidD75F50F3529CC673A24DB8329566FBCEnavId117partId20livetrueculturefr-CAimageType0imageNameDeehy__Christopher_0736r2_Web.jpg","datePublished":"2022-03-09T18:54:38+00:00","dateModified":"2025-09-04T15:33:54+00:00","breadcrumb":{"@id":"https://www.lrmm.com/fr/e-quipe/avocats/avocat-deehy-christopher#breadcrumb"},"inLanguage":"fr-CA","potentialAction":[{"@type":"ReadAction","target":["https://www.lrmm.com/fr/e-quipe/avocats/avocat-deehy-christopher"]}]},{"@type":"ImageObject","inLanguage":"fr-CA","@id":"https://www.lrmm.com/fr/e-quipe/avocats/avocat-deehy-christopher#primaryimage","url":"https://www.lrmm.com/wp-content/uploads/2022/03/imageResourcejsessionidD75F50F3529CC673A24DB8329566FBCEnavId117partId20livetrueculturefr-CAimageType0imageNameDeehy__Christopher_0736r2_Web.jpg","contentUrl":"https://www.lrmm.com/wp-content/uploads/2022/03/imageResourcejsessionidD75F50F3529CC673A24DB8329566FBCEnavId117partId20livetrueculturefr-CAimageType0imageNameDeehy__Christopher_0736r2_Web.jpg","width":157,"height":157},{"@type":"BreadcrumbList","@id":"https://www.lrmm.com/fr/e-quipe/avocats/avocat-deehy-christopher#breadcrumb","itemListElement":[{"@type":"ListItem","position":1,"name":"Accueil","item":"https://www.lrmm.com/fr/"},{"@type":"ListItem","position":2,"name":"Équipe","item":"https://www.lrmm.com/fr/e-quipe/"},{"@type":"ListItem","position":3,"name":"Avocat Deehy Christopher"}]},{"@type":"WebSite","@id":"https://www.lrmm.com/fr/#website","url":"https://www.lrmm.com/fr/","name":"Lapointe Rosenstein Marchand Melançon","description":"","potentialAction":[{"@type":"SearchAction","target":{"@type":"EntryPoint","urlTemplate":"https://www.lrmm.com/fr/?s={search_term_string}"},"query-input":{"@type":"PropertyValueSpecification","valueRequired":true,"valueName":"search_term_string"}}],"inLanguage":"fr-CA"}]}</script>
<!-- / Yoast SEO plugin. -->

Avocat Deehy Christopher - Lapointe Rosenstein Marchand Melançon

Christopher Deehy, chef du groupe Droit du travail et de l&#8217;emploi, pratique au sein du cabinet depuis 1995. Il représente la clientèle corporative du cabinet devant toutes les instances du travail, tant administratives que de droit commun. Il conseille judicieusement les entreprises sur toutes les questions relatives aux relations avec leurs employés, syndiqués ou non [&hellip;]

Lapointe Rosenstein Marchand Melançon

Équipe
