{"id":656,"date":"2022-03-09T13:54:38","date_gmt":"2022-03-09T18:54:38","guid":{"rendered":"https:\/\/www.lrmm.com\/fr\/e-quipe\/avocat-caron-jacquelin\/"},"modified":"2022-05-24T14:37:44","modified_gmt":"2022-05-24T18:37:44","slug":"avocat-caron-jacquelin","status":"publish","type":"equipe","link":"https:\/\/www.lrmm.com\/fr\/e-quipe\/avocats\/avocat-caron-jacquelin","title":{"rendered":"Avocat Caron Jacquelin"},"content":{"rendered":"<p style=\"text-align: left\">D\u00e8s le d\u00e9but de sa carri\u00e8re, Jacquelin Caron a orient\u00e9 sa pratique vers le droit du travail et le droit bancaire.<\/p>\n<p style=\"text-align: left\">Sa pratique en droit du travail l\u2019am\u00e8ne \u00e0 conseiller ses clients, \u00e0 n\u00e9gocier des ententes et des conventions collectives, \u00e0 plaider des griefs, des plaintes de cong\u00e9diement, de harc\u00e8lement psychologique ou autres et des recours extraordinaires tant devant les tribunaux administratifs que judiciaires.<\/p>\n<p style=\"text-align: left\">En droit bancaire, il conseille et repr\u00e9sente diverses institutions financi\u00e8res et soci\u00e9t\u00e9s pr\u00eateuses dans le cadre de la publication et de la r\u00e9alisation de s\u00fbret\u00e9s et de garanties hypoth\u00e9caires.<\/p>\n<p style=\"text-align: left\">Son expertise s\u2019\u00e9tend \u00e9galement au recouvrement de cr\u00e9ances de d\u00e9biteurs en difficult\u00e9 ou dans un contexte de faillite et d\u2019insolvabilit\u00e9. Il agit devant les tribunaux en mati\u00e8re de faillite tant \u00e0 titre de repr\u00e9sentant du syndic que du cr\u00e9ancier.<\/p>\n<p style=\"text-align: left\"><strong>Mandats repr\u00e9sentatifs<\/strong><\/p>\n<p>Tant dans le cadre de dossiers en t\u00e9l\u00e9communications, en agroalimentaires, bancaires ou industriels, Jacquelin Caron a re\u00e7u mandat d\u2019effectuer des repr\u00e9sentations devant :<\/p>\n<ul>\n<li>le <em>Conseil canadien des relations industrielles<\/em>, entre autres, afin de faire d\u00e9clarer une gr\u00e8ve ill\u00e9gale;<\/li>\n<li>la <em>Cour sup\u00e9rieure du Qu\u00e9bec<\/em> lors de demandes d\u2019\u00e9mission d\u2019injonction durant des conflits de travail;<\/li>\n<li>la <em>Cour d\u2019Appel<\/em> afin de soutenir que le contrat d\u2019assurance n\u00e9goci\u00e9 pour le b\u00e9n\u00e9fice des syndiqu\u00e9s ne fait pas partie de la Convention collective ainsi que de contester des plaintes pour engagement de \u00ab scabs \u00bb lors de conflit de travail;<\/li>\n<li>la <em>Commission des relations du travail<\/em> \u00e0 l\u2019encontre de plaintes pour cong\u00e9diement sans cause juste et suffisante, de plaintes de harc\u00e8lement psychologique et de pratique interdite;<\/li>\n<li>la <em>Commission des droits de la personne<\/em> \u00e0 l\u2019encontre de plainte de discrimination.<\/li>\n<\/ul>\n","protected":false},"author":1,"featured_media":797,"menu_order":0,"template":"","meta":{"_acf_changed":false},"equipe_cat":[20],"class_list":["post-656","equipe","type-equipe","status-publish","has-post-thumbnail","hentry","equipe_cat-avocats"],"acf":[],"yoast_head":"<!-- This site is optimized with the Yoast SEO plugin v26.9 - https:\/\/yoast.com\/product\/yoast-seo-wordpress\/ -->\n<title>Avocat Caron Jacquelin - Lapointe Rosenstein Marchand Melan\u00e7on<\/title>\n<meta name=\"robots\" content=\"index, follow, max-snippet:-1, max-image-preview:large, max-video-preview:-1\" \/>\n<link rel=\"canonical\" href=\"https:\/\/www.lrmm.com\/fr\/e-quipe\/avocats\/avocat-caron-jacquelin\/\" \/>\n<meta property=\"og:locale\" content=\"fr_CA\" \/>\n<meta property=\"og:type\" content=\"article\" \/>\n<meta property=\"og:title\" content=\"Avocat Caron Jacquelin - Lapointe Rosenstein Marchand Melan\u00e7on\" \/>\n<meta property=\"og:description\" content=\"D\u00e8s le d\u00e9but de sa carri\u00e8re, Jacquelin Caron a orient\u00e9 sa pratique vers le droit du travail et le droit bancaire. Sa pratique en droit du travail l\u2019am\u00e8ne \u00e0 conseiller ses clients, \u00e0 n\u00e9gocier des ententes et des conventions collectives, \u00e0 plaider des griefs, des plaintes de cong\u00e9diement, de harc\u00e8lement psychologique ou autres et des [&hellip;]\" \/>\n<meta property=\"og:url\" content=\"https:\/\/www.lrmm.com\/fr\/e-quipe\/avocats\/avocat-caron-jacquelin\" \/>\n<meta property=\"og:site_name\" content=\"Lapointe Rosenstein Marchand Melan\u00e7on\" \/>\n<meta property=\"article:modified_time\" content=\"2022-05-24T18:37:44+00:00\" \/>\n<meta property=\"og:image\" content=\"https:\/\/www.lrmm.com\/wp-content\/uploads\/2022\/03\/imageResourcejsessionidBAA0830E3D13CA2327F1A365A6D28B31navId108partId20livetrueculturefr-CAimageType0imageNameCaron__Jacquelin_6647_WEB.jpg\" \/>\n\t<meta property=\"og:image:width\" content=\"157\" \/>\n\t<meta property=\"og:image:height\" content=\"157\" \/>\n\t<meta property=\"og:image:type\" content=\"image\/jpeg\" \/>\n<meta name=\"twitter:card\" content=\"summary_large_image\" \/>\n<meta name=\"twitter:label1\" content=\"Estimation du temps de lecture\" \/>\n\t<meta name=\"twitter:data1\" content=\"2 minutes\" \/>\n<script type=\"application\/ld+json\" class=\"yoast-schema-graph\">{\"@context\":\"https:\/\/schema.org\",\"@graph\":[{\"@type\":\"WebPage\",\"@id\":\"https:\/\/www.lrmm.com\/fr\/e-quipe\/avocats\/avocat-caron-jacquelin\",\"url\":\"https:\/\/www.lrmm.com\/fr\/e-quipe\/avocats\/avocat-caron-jacquelin\",\"name\":\"Avocat Caron Jacquelin - Lapointe Rosenstein Marchand Melan\u00e7on\",\"isPartOf\":{\"@id\":\"https:\/\/www.lrmm.com\/fr\/#website\"},\"primaryImageOfPage\":{\"@id\":\"https:\/\/www.lrmm.com\/fr\/e-quipe\/avocats\/avocat-caron-jacquelin#primaryimage\"},\"image\":{\"@id\":\"https:\/\/www.lrmm.com\/fr\/e-quipe\/avocats\/avocat-caron-jacquelin#primaryimage\"},\"thumbnailUrl\":\"https:\/\/www.lrmm.com\/wp-content\/uploads\/2022\/03\/imageResourcejsessionidBAA0830E3D13CA2327F1A365A6D28B31navId108partId20livetrueculturefr-CAimageType0imageNameCaron__Jacquelin_6647_WEB.jpg\",\"datePublished\":\"2022-03-09T18:54:38+00:00\",\"dateModified\":\"2022-05-24T18:37:44+00:00\",\"breadcrumb\":{\"@id\":\"https:\/\/www.lrmm.com\/fr\/e-quipe\/avocats\/avocat-caron-jacquelin#breadcrumb\"},\"inLanguage\":\"fr-CA\",\"potentialAction\":[{\"@type\":\"ReadAction\",\"target\":[\"https:\/\/www.lrmm.com\/fr\/e-quipe\/avocats\/avocat-caron-jacquelin\"]}]},{\"@type\":\"ImageObject\",\"inLanguage\":\"fr-CA\",\"@id\":\"https:\/\/www.lrmm.com\/fr\/e-quipe\/avocats\/avocat-caron-jacquelin#primaryimage\",\"url\":\"https:\/\/www.lrmm.com\/wp-content\/uploads\/2022\/03\/imageResourcejsessionidBAA0830E3D13CA2327F1A365A6D28B31navId108partId20livetrueculturefr-CAimageType0imageNameCaron__Jacquelin_6647_WEB.jpg\",\"contentUrl\":\"https:\/\/www.lrmm.com\/wp-content\/uploads\/2022\/03\/imageResourcejsessionidBAA0830E3D13CA2327F1A365A6D28B31navId108partId20livetrueculturefr-CAimageType0imageNameCaron__Jacquelin_6647_WEB.jpg\",\"width\":157,\"height\":157},{\"@type\":\"BreadcrumbList\",\"@id\":\"https:\/\/www.lrmm.com\/fr\/e-quipe\/avocats\/avocat-caron-jacquelin#breadcrumb\",\"itemListElement\":[{\"@type\":\"ListItem\",\"position\":1,\"name\":\"Accueil\",\"item\":\"https:\/\/www.lrmm.com\/fr\/\"},{\"@type\":\"ListItem\",\"position\":2,\"name\":\"\u00c9quipe\",\"item\":\"https:\/\/www.lrmm.com\/fr\/e-quipe\/\"},{\"@type\":\"ListItem\",\"position\":3,\"name\":\"Avocat Caron Jacquelin\"}]},{\"@type\":\"WebSite\",\"@id\":\"https:\/\/www.lrmm.com\/fr\/#website\",\"url\":\"https:\/\/www.lrmm.com\/fr\/\",\"name\":\"Lapointe Rosenstein Marchand Melan\u00e7on\",\"description\":\"\",\"potentialAction\":[{\"@type\":\"SearchAction\",\"target\":{\"@type\":\"EntryPoint\",\"urlTemplate\":\"https:\/\/www.lrmm.com\/fr\/?s={search_term_string}\"},\"query-input\":{\"@type\":\"PropertyValueSpecification\",\"valueRequired\":true,\"valueName\":\"search_term_string\"}}],\"inLanguage\":\"fr-CA\"}]}<\/script>\n<!-- \/ Yoast SEO plugin. -->","yoast_head_json":{"title":"Avocat Caron Jacquelin - Lapointe Rosenstein Marchand Melan\u00e7on","robots":{"index":"index","follow":"follow","max-snippet":"max-snippet:-1","max-image-preview":"max-image-preview:large","max-video-preview":"max-video-preview:-1"},"canonical":"https:\/\/www.lrmm.com\/fr\/e-quipe\/avocats\/avocat-caron-jacquelin\/","og_locale":"fr_CA","og_type":"article","og_title":"Avocat Caron Jacquelin - Lapointe Rosenstein Marchand Melan\u00e7on","og_description":"D\u00e8s le d\u00e9but de sa carri\u00e8re, Jacquelin Caron a orient\u00e9 sa pratique vers le droit du travail et le droit bancaire. Sa pratique en droit du travail l\u2019am\u00e8ne \u00e0 conseiller ses clients, \u00e0 n\u00e9gocier des ententes et des conventions collectives, \u00e0 plaider des griefs, des plaintes de cong\u00e9diement, de harc\u00e8lement psychologique ou autres et des [&hellip;]","og_url":"https:\/\/www.lrmm.com\/fr\/e-quipe\/avocats\/avocat-caron-jacquelin","og_site_name":"Lapointe Rosenstein Marchand Melan\u00e7on","article_modified_time":"2022-05-24T18:37:44+00:00","og_image":[{"width":157,"height":157,"url":"https:\/\/www.lrmm.com\/wp-content\/uploads\/2022\/03\/imageResourcejsessionidBAA0830E3D13CA2327F1A365A6D28B31navId108partId20livetrueculturefr-CAimageType0imageNameCaron__Jacquelin_6647_WEB.jpg","type":"image\/jpeg"}],"twitter_card":"summary_large_image","twitter_misc":{"Estimation du temps de lecture":"2 minutes"},"schema":{"@context":"https:\/\/schema.org","@graph":[{"@type":"WebPage","@id":"https:\/\/www.lrmm.com\/fr\/e-quipe\/avocats\/avocat-caron-jacquelin","url":"https:\/\/www.lrmm.com\/fr\/e-quipe\/avocats\/avocat-caron-jacquelin","name":"Avocat Caron Jacquelin - Lapointe Rosenstein Marchand Melan\u00e7on","isPartOf":{"@id":"https:\/\/www.lrmm.com\/fr\/#website"},"primaryImageOfPage":{"@id":"https:\/\/www.lrmm.com\/fr\/e-quipe\/avocats\/avocat-caron-jacquelin#primaryimage"},"image":{"@id":"https:\/\/www.lrmm.com\/fr\/e-quipe\/avocats\/avocat-caron-jacquelin#primaryimage"},"thumbnailUrl":"https:\/\/www.lrmm.com\/wp-content\/uploads\/2022\/03\/imageResourcejsessionidBAA0830E3D13CA2327F1A365A6D28B31navId108partId20livetrueculturefr-CAimageType0imageNameCaron__Jacquelin_6647_WEB.jpg","datePublished":"2022-03-09T18:54:38+00:00","dateModified":"2022-05-24T18:37:44+00:00","breadcrumb":{"@id":"https:\/\/www.lrmm.com\/fr\/e-quipe\/avocats\/avocat-caron-jacquelin#breadcrumb"},"inLanguage":"fr-CA","potentialAction":[{"@type":"ReadAction","target":["https:\/\/www.lrmm.com\/fr\/e-quipe\/avocats\/avocat-caron-jacquelin"]}]},{"@type":"ImageObject","inLanguage":"fr-CA","@id":"https:\/\/www.lrmm.com\/fr\/e-quipe\/avocats\/avocat-caron-jacquelin#primaryimage","url":"https:\/\/www.lrmm.com\/wp-content\/uploads\/2022\/03\/imageResourcejsessionidBAA0830E3D13CA2327F1A365A6D28B31navId108partId20livetrueculturefr-CAimageType0imageNameCaron__Jacquelin_6647_WEB.jpg","contentUrl":"https:\/\/www.lrmm.com\/wp-content\/uploads\/2022\/03\/imageResourcejsessionidBAA0830E3D13CA2327F1A365A6D28B31navId108partId20livetrueculturefr-CAimageType0imageNameCaron__Jacquelin_6647_WEB.jpg","width":157,"height":157},{"@type":"BreadcrumbList","@id":"https:\/\/www.lrmm.com\/fr\/e-quipe\/avocats\/avocat-caron-jacquelin#breadcrumb","itemListElement":[{"@type":"ListItem","position":1,"name":"Accueil","item":"https:\/\/www.lrmm.com\/fr\/"},{"@type":"ListItem","position":2,"name":"\u00c9quipe","item":"https:\/\/www.lrmm.com\/fr\/e-quipe\/"},{"@type":"ListItem","position":3,"name":"Avocat Caron Jacquelin"}]},{"@type":"WebSite","@id":"https:\/\/www.lrmm.com\/fr\/#website","url":"https:\/\/www.lrmm.com\/fr\/","name":"Lapointe Rosenstein Marchand Melan\u00e7on","description":"","potentialAction":[{"@type":"SearchAction","target":{"@type":"EntryPoint","urlTemplate":"https:\/\/www.lrmm.com\/fr\/?s={search_term_string}"},"query-input":{"@type":"PropertyValueSpecification","valueRequired":true,"valueName":"search_term_string"}}],"inLanguage":"fr-CA"}]}},"_links":{"self":[{"href":"https:\/\/www.lrmm.com\/fr\/wp-json\/wp\/v2\/equipe\/656","targetHints":{"allow":["GET"]}}],"collection":[{"href":"https:\/\/www.lrmm.com\/fr\/wp-json\/wp\/v2\/equipe"}],"about":[{"href":"https:\/\/www.lrmm.com\/fr\/wp-json\/wp\/v2\/types\/equipe"}],"author":[{"embeddable":true,"href":"https:\/\/www.lrmm.com\/fr\/wp-json\/wp\/v2\/users\/1"}],"wp:featuredmedia":[{"embeddable":true,"href":"https:\/\/www.lrmm.com\/fr\/wp-json\/wp\/v2\/media\/797"}],"wp:attachment":[{"href":"https:\/\/www.lrmm.com\/fr\/wp-json\/wp\/v2\/media?parent=656"}],"wp:term":[{"taxonomy":"equipe_cat","embeddable":true,"href":"https:\/\/www.lrmm.com\/fr\/wp-json\/wp\/v2\/equipe_cat?post=656"}],"curies":[{"name":"wp","href":"https:\/\/api.w.org\/{rel}","templated":true}]}}

<p style="text-align: left">Dès le début de sa carrière, Jacquelin Caron a orienté sa pratique vers le droit du travail et le droit bancaire.</p>
<p style="text-align: left">Sa pratique en droit du travail l’amène à conseiller ses clients, à négocier des ententes et des conventions collectives, à plaider des griefs, des plaintes de congédiement, de harcèlement psychologique ou autres et des recours extraordinaires tant devant les tribunaux administratifs que judiciaires.</p>
<p style="text-align: left">En droit bancaire, il conseille et représente diverses institutions financières et sociétés prêteuses dans le cadre de la publication et de la réalisation de sûretés et de garanties hypothécaires.</p>
<p style="text-align: left">Son expertise s’étend également au recouvrement de créances de débiteurs en difficulté ou dans un contexte de faillite et d’insolvabilité. Il agit devant les tribunaux en matière de faillite tant à titre de représentant du syndic que du créancier.</p>
<p style="text-align: left"><strong>Mandats représentatifs</strong></p>
<p>Tant dans le cadre de dossiers en télécommunications, en agroalimentaires, bancaires ou industriels, Jacquelin Caron a reçu mandat d’effectuer des représentations devant :</p>
<ul>
<li>le <em>Conseil canadien des relations industrielles</em>, entre autres, afin de faire déclarer une grève illégale;</li>
<li>la <em>Cour supérieure du Québec</em> lors de demandes d’émission d’injonction durant des conflits de travail;</li>
<li>la <em>Cour d’Appel</em> afin de soutenir que le contrat d’assurance négocié pour le bénéfice des syndiqués ne fait pas partie de la Convention collective ainsi que de contester des plaintes pour engagement de « scabs » lors de conflit de travail;</li>
<li>la <em>Commission des relations du travail</em> à l’encontre de plaintes pour congédiement sans cause juste et suffisante, de plaintes de harcèlement psychologique et de pratique interdite;</li>
<li>la <em>Commission des droits de la personne</em> à l’encontre de plainte de discrimination.</li>
</ul>

<!-- This site is optimized with the Yoast SEO plugin v26.9 - https://yoast.com/product/yoast-seo-wordpress/ -->
<title>Avocat Caron Jacquelin - Lapointe Rosenstein Marchand Melançon</title>
<meta name="robots" content="index, follow, max-snippet:-1, max-image-preview:large, max-video-preview:-1" />
<link rel="canonical" href="https://www.lrmm.com/fr/e-quipe/avocats/avocat-caron-jacquelin/" />
<meta property="og:locale" content="fr_CA" />
<meta property="og:type" content="article" />
<meta property="og:title" content="Avocat Caron Jacquelin - Lapointe Rosenstein Marchand Melançon" />
<meta property="og:description" content="Dès le début de sa carrière, Jacquelin Caron a orienté sa pratique vers le droit du travail et le droit bancaire. Sa pratique en droit du travail l’amène à conseiller ses clients, à négocier des ententes et des conventions collectives, à plaider des griefs, des plaintes de congédiement, de harcèlement psychologique ou autres et des [&hellip;]" />
<meta property="og:url" content="https://www.lrmm.com/fr/e-quipe/avocats/avocat-caron-jacquelin" />
<meta property="og:site_name" content="Lapointe Rosenstein Marchand Melançon" />
<meta property="article:modified_time" content="2022-05-24T18:37:44+00:00" />
<meta property="og:image" content="https://www.lrmm.com/wp-content/uploads/2022/03/imageResourcejsessionidBAA0830E3D13CA2327F1A365A6D28B31navId108partId20livetrueculturefr-CAimageType0imageNameCaron__Jacquelin_6647_WEB.jpg" />
	<meta property="og:image:width" content="157" />
	<meta property="og:image:height" content="157" />
	<meta property="og:image:type" content="image/jpeg" />
<meta name="twitter:card" content="summary_large_image" />
<meta name="twitter:label1" content="Estimation du temps de lecture" />
	<meta name="twitter:data1" content="2 minutes" />
<script type="application/ld+json" class="yoast-schema-graph">{"@context":"https://schema.org","@graph":[{"@type":"WebPage","@id":"https://www.lrmm.com/fr/e-quipe/avocats/avocat-caron-jacquelin","url":"https://www.lrmm.com/fr/e-quipe/avocats/avocat-caron-jacquelin","name":"Avocat Caron Jacquelin - Lapointe Rosenstein Marchand Melançon","isPartOf":{"@id":"https://www.lrmm.com/fr/#website"},"primaryImageOfPage":{"@id":"https://www.lrmm.com/fr/e-quipe/avocats/avocat-caron-jacquelin#primaryimage"},"image":{"@id":"https://www.lrmm.com/fr/e-quipe/avocats/avocat-caron-jacquelin#primaryimage"},"thumbnailUrl":"https://www.lrmm.com/wp-content/uploads/2022/03/imageResourcejsessionidBAA0830E3D13CA2327F1A365A6D28B31navId108partId20livetrueculturefr-CAimageType0imageNameCaron__Jacquelin_6647_WEB.jpg","datePublished":"2022-03-09T18:54:38+00:00","dateModified":"2022-05-24T18:37:44+00:00","breadcrumb":{"@id":"https://www.lrmm.com/fr/e-quipe/avocats/avocat-caron-jacquelin#breadcrumb"},"inLanguage":"fr-CA","potentialAction":[{"@type":"ReadAction","target":["https://www.lrmm.com/fr/e-quipe/avocats/avocat-caron-jacquelin"]}]},{"@type":"ImageObject","inLanguage":"fr-CA","@id":"https://www.lrmm.com/fr/e-quipe/avocats/avocat-caron-jacquelin#primaryimage","url":"https://www.lrmm.com/wp-content/uploads/2022/03/imageResourcejsessionidBAA0830E3D13CA2327F1A365A6D28B31navId108partId20livetrueculturefr-CAimageType0imageNameCaron__Jacquelin_6647_WEB.jpg","contentUrl":"https://www.lrmm.com/wp-content/uploads/2022/03/imageResourcejsessionidBAA0830E3D13CA2327F1A365A6D28B31navId108partId20livetrueculturefr-CAimageType0imageNameCaron__Jacquelin_6647_WEB.jpg","width":157,"height":157},{"@type":"BreadcrumbList","@id":"https://www.lrmm.com/fr/e-quipe/avocats/avocat-caron-jacquelin#breadcrumb","itemListElement":[{"@type":"ListItem","position":1,"name":"Accueil","item":"https://www.lrmm.com/fr/"},{"@type":"ListItem","position":2,"name":"Équipe","item":"https://www.lrmm.com/fr/e-quipe/"},{"@type":"ListItem","position":3,"name":"Avocat Caron Jacquelin"}]},{"@type":"WebSite","@id":"https://www.lrmm.com/fr/#website","url":"https://www.lrmm.com/fr/","name":"Lapointe Rosenstein Marchand Melançon","description":"","potentialAction":[{"@type":"SearchAction","target":{"@type":"EntryPoint","urlTemplate":"https://www.lrmm.com/fr/?s={search_term_string}"},"query-input":{"@type":"PropertyValueSpecification","valueRequired":true,"valueName":"search_term_string"}}],"inLanguage":"fr-CA"}]}</script>
<!-- / Yoast SEO plugin. -->

Avocat Caron Jacquelin - Lapointe Rosenstein Marchand Melançon

Dès le début de sa carrière, Jacquelin Caron a orienté sa pratique vers le droit du travail et le droit bancaire. Sa pratique en droit du travail l’amène à conseiller ses clients, à négocier des ententes et des conventions collectives, à plaider des griefs, des plaintes de congédiement, de harcèlement psychologique ou autres et des [&hellip;]

Lapointe Rosenstein Marchand Melançon

Équipe
